{"id":10847,"date":"2022-01-17T18:47:16","date_gmt":"2022-01-17T18:47:16","guid":{"rendered":"http:\/\/doku-harxheim.de\/nature-pure\/geologie"},"modified":"2023-09-01T07:21:19","modified_gmt":"2023-09-01T07:21:19","slug":"geologie","status":"publish","type":"page","link":"https:\/\/doku-harxheim.de\/fr\/nature-pure\/geologie","title":{"rendered":"G\u00e9ologie"},"content":{"rendered":"<p>[et_pb_section fb_built=\u00a0\u00bb1&Prime; fullwidth=\u00a0\u00bbon\u00a0\u00bb _builder_version=\u00a0\u00bb4.20.2&Prime; _module_preset=\u00a0\u00bbdefault\u00a0\u00bb background_enable_image=\u00a0\u00bboff\u00a0\u00bb global_colors_info=\u00a0\u00bb{}\u00a0\u00bb][et_pb_fullwidth_header title=\u00a0\u00bbG\u00e9ologie\u00a0\u00bb admin_label=\u00a0\u00bbVollbreite Kopfzeile\u00a0\u00bb _builder_version=\u00a0\u00bb4.22.1&Prime; _module_preset=\u00a0\u00bbdefault\u00a0\u00bb title_text_color=\u00a0\u00bb#7CDA24&Prime; background_image=\u00a0\u00bbhttp:\/\/doku-harxheim.de\/wp-content\/uploads\/2022\/11\/CHR-Ort-16-a-B1-Die-Geschichte-Rheinhessens-vor-1816.png\u00a0\u00bb background_position=\u00a0\u00bbbottom_center\u00a0\u00bb background_vertical_offset=\u00a0\u00bb54%\u00a0\u00bb background_layout=\u00a0\u00bblight\u00a0\u00bb min_height=\u00a0\u00bb200.5px\u00a0\u00bb title_text_shadow_style=\u00a0\u00bbpreset5&Prime; global_colors_info=\u00a0\u00bb{}\u00a0\u00bb][\/et_pb_fullwidth_header][\/et_pb_section][et_pb_section fb_built=\u00a0\u00bb1&Prime; _builder_version=\u00a0\u00bb4.20.2&Prime; _module_preset=\u00a0\u00bbdefault\u00a0\u00bb custom_padding=\u00a0\u00bb20px||0px||false|false\u00a0\u00bb locked=\u00a0\u00bboff\u00a0\u00bb global_colors_info=\u00a0\u00bb{}\u00a0\u00bb][et_pb_row _builder_version=\u00a0\u00bb4.22.1&Prime; _module_preset=\u00a0\u00bbdefault\u00a0\u00bb][et_pb_column _builder_version=\u00a0\u00bb4.22.1&Prime; _module_preset=\u00a0\u00bbdefault\u00a0\u00bb type=\u00a0\u00bb4_4&Prime;][et_pb_text _builder_version=\u00a0\u00bb4.22.1&Prime; _module_preset=\u00a0\u00bbdefault\u00a0\u00bb hover_enabled=\u00a0\u00bb0&Prime; sticky_enabled=\u00a0\u00bb0&Prime;]<\/p>\n<h2>Sa situation dans le bassin de Mayence et ses bords caract\u00e9ristiques d&rsquo;effondrement du loess lui conf\u00e8rent quelques aspects g\u00e9ologiques et g\u00e9ographiques int\u00e9ressants, qui ont fait l&rsquo;objet de recherches approfondies et ont \u00e9t\u00e9 d\u00e9velopp\u00e9s dans les articles suivants. <\/h2>\n<p>[\/et_pb_text][\/et_pb_column][\/et_pb_row][et_pb_row _builder_version=\u00a0\u00bb4.22.1&Prime; _module_preset=\u00a0\u00bbdefault\u00a0\u00bb global_colors_info=\u00a0\u00bb{}\u00a0\u00bb][et_pb_column type=\u00a0\u00bb4_4&Prime; _builder_version=\u00a0\u00bb4.22.1&Prime; _module_preset=\u00a0\u00bbdefault\u00a0\u00bb global_colors_info=\u00a0\u00bb{}\u00a0\u00bb][et_pb_blog fullwidth=\u00a0\u00bboff\u00a0\u00bb include_categories=\u00a0\u00bb19&Prime; show_more=\u00a0\u00bbon\u00a0\u00bb show_date=\u00a0\u00bboff\u00a0\u00bb show_categories=\u00a0\u00bboff\u00a0\u00bb show_pagination=\u00a0\u00bboff\u00a0\u00bb _builder_version=\u00a0\u00bb4.22.1&Prime; _module_preset=\u00a0\u00bbdefault\u00a0\u00bb global_colors_info=\u00a0\u00bb{}\u00a0\u00bb][\/et_pb_blog][\/et_pb_column][\/et_pb_row][\/et_pb_section]<\/p>\n","protected":false},"excerpt":{"rendered":"<p>Sa situation dans le bassin de Mayence et ses bords caract\u00e9ristiques d&rsquo;effondrement du loess lui conf\u00e8rent quelques aspects g\u00e9ologiques et g\u00e9ographiques int\u00e9ressants, qui ont fait l&rsquo;objet de recherches approfondies et ont \u00e9t\u00e9 d\u00e9velopp\u00e9s dans les articles suivants.<\/p>\n","protected":false},"author":11,"featured_media":0,"parent":10817,"menu_order":0,"comment_status":"closed","ping_status":"closed","template":"","meta":{"_et_pb_use_builder":"on","_et_pb_old_content":"","_et_gb_content_width":"","footnotes":""},"class_list":["post-10847","page","type-page","status-publish","hentry"],"_links":{"self":[{"href":"https:\/\/doku-harxheim.de\/fr\/wp-json\/wp\/v2\/pages\/10847","targetHints":{"allow":["GET"]}}],"collection":[{"href":"https:\/\/doku-harxheim.de\/fr\/wp-json\/wp\/v2\/pages"}],"about":[{"href":"https:\/\/doku-harxheim.de\/fr\/wp-json\/wp\/v2\/types\/page"}],"author":[{"embeddable":true,"href":"https:\/\/doku-harxheim.de\/fr\/wp-json\/wp\/v2\/users\/11"}],"replies":[{"embeddable":true,"href":"https:\/\/doku-harxheim.de\/fr\/wp-json\/wp\/v2\/comments?post=10847"}],"version-history":[{"count":4,"href":"https:\/\/doku-harxheim.de\/fr\/wp-json\/wp\/v2\/pages\/10847\/revisions"}],"predecessor-version":[{"id":10855,"href":"https:\/\/doku-harxheim.de\/fr\/wp-json\/wp\/v2\/pages\/10847\/revisions\/10855"}],"up":[{"embeddable":true,"href":"https:\/\/doku-harxheim.de\/fr\/wp-json\/wp\/v2\/pages\/10817"}],"wp:attachment":[{"href":"https:\/\/doku-harxheim.de\/fr\/wp-json\/wp\/v2\/media?parent=10847"}],"curies":[{"name":"wp","href":"https:\/\/api.w.org\/{rel}","templated":true}]}}

Géologie

<p>[et_pb_section fb_built= »1&Prime; fullwidth= »on » _builder_version= »4.20.2&Prime; _module_preset= »default » background_enable_image= »off » global_colors_info= »{} »][et_pb_fullwidth_header title= »Géologie » admin_label= »Vollbreite Kopfzeile » _builder_version= »4.22.1&Prime; _module_preset= »default » title_text_color= »#7CDA24&Prime; background_image= »http://doku-harxheim.de/wp-content/uploads/2022/11/CHR-Ort-16-a-B1-Die-Geschichte-Rheinhessens-vor-1816.png » background_position= »bottom_center » background_vertical_offset= »54% » background_layout= »light » min_height= »200.5px » title_text_shadow_style= »preset5&Prime; global_colors_info= »{} »][/et_pb_fullwidth_header][/et_pb_section][et_pb_section fb_built= »1&Prime; _builder_version= »4.20.2&Prime; _module_preset= »default » custom_padding= »20px||0px||false|false » locked= »off » global_colors_info= »{} »][et_pb_row _builder_version= »4.22.1&Prime; _module_preset= »default »][et_pb_column _builder_version= »4.22.1&Prime; _module_preset= »default » type= »4_4&Prime;][et_pb_text _builder_version= »4.22.1&Prime; _module_preset= »default » hover_enabled= »0&Prime; sticky_enabled= »0&Prime;]</p>
<h2>Sa situation dans le bassin de Mayence et ses bords caractéristiques d&rsquo;effondrement du loess lui confèrent quelques aspects géologiques et géographiques intéressants, qui ont fait l&rsquo;objet de recherches approfondies et ont été développés dans les articles suivants. </h2>
<p>[/et_pb_text][/et_pb_column][/et_pb_row][et_pb_row _builder_version= »4.22.1&Prime; _module_preset= »default » global_colors_info= »{} »][et_pb_column type= »4_4&Prime; _builder_version= »4.22.1&Prime; _module_preset= »default » global_colors_info= »{} »][et_pb_blog fullwidth= »off » include_categories= »19&Prime; show_more= »on » show_date= »off » show_categories= »off » show_pagination= »off » _builder_version= »4.22.1&Prime; _module_preset= »default » global_colors_info= »{} »][/et_pb_blog][/et_pb_column][/et_pb_row][/et_pb_section]</p>

<p>Sa situation dans le bassin de Mayence et ses bords caractéristiques d&rsquo;effondrement du loess lui confèrent quelques aspects géologiques et géographiques intéressants, qui ont fait l&rsquo;objet de recherches approfondies et ont été développés dans les articles suivants.</p>
